c + -732. What is the highest common factor of i and 90?
6
Let m(p) = -33*p + 25. Let x be m(4). Let t = 137 + x. Suppose 16 = 5*z - 3*q - 0, 0 = 4*z + q - 23. Calculate the greatest common factor of t and z.
5
Suppose 19 = 2*n + 5, 0 = -4*l + 5*n + 1257. Let p(j) = -j**3 + 6*j**2 - 3*j + 7. Let r be p(5). What is the greatest common factor of r and l?
17
Let l(s) = -2*s**3 - 15*s**2 - 7*s + 4. Let r be l(-7). Suppose -16*t = -13*t - 4*y - 144, -r*y + 220 = 4*t. What is the highest common factor of t and 39?
13
Let g(t) = t**3 + 15*t**2 - 5*t - 27. Suppose -49 = 4*s - 2*u + 1, -4*s - 85 = 5*u. Let l be g(s). Calculate the highest common factor of 12 and l.
12
Let t be 2/(-28)*-470 - 9/(-21). Suppose t = -17*r + 238. What is the highest common factor of r and 288?
12
Let x be 27/2*(8 + 206 - 10). What is the greatest common divisor of 324 and x?
162
Suppose 0 = 3*n - 5*g - 322, 0 = 6*n + 17*g - 13*g - 700. What is the highest common factor of n and 3154?
38
Suppose -198 = -4*b - 2*c, 10*b - 220 = 5*b + 3*c. Let u be (-15285)/(-65) - (-28)/(-182). Calculate the highest common divisor of u and b.
47
Let d(z) = 5*z**2 - 174*z + 2081. Let l be d(11). What is the greatest common divisor of 20 and l?
4
Let c(b) = -b**2 + 109*b - 1636. Let h be c(18). What is the highest common factor of 106 and h?
2
Suppose 2*c - 3629 = 1573. Calculate the highest common factor of c and 9.
9
Suppose 0 = -9*t + 32 - 14. Suppose -o + 2*a - a = -538, -t*o = 2*a - 1068. What is the highest common factor of 8 and o?
8
Suppose -6*l - 4*g - 18 = -7*l, l + 3*g - 32 = 0. Suppose 3*m = -44 - 4. Let i = l - m. What is the highest common factor of i and 63?
21
Let s(f) = -f**3 - f**2 - 6*f - 120. Let u be s(0). Let n = 41 - u. What is the highest common factor of 14 and n?
7
Let x be 2/31 - (-1224)/46376 - (-8623)/11. Calculate the highest common divisor of 128 and x.
16
Let b = -10574 + 15704. Calculate the greatest common factor of b and 5.
5
Suppose 46 = 5*t - 4*f, -48 = -2*t - f - 27. Let w = 105 - 40. What is the highest common factor of w and t?
5
Suppose 5*k - 630 = 11*f - 16*f, -2*f - 1230 = -11*k. Let x = -77 + 267. What is the highest common divisor of k and x?
38
Let t be 0/3 + (12 - 9). Suppose 0 = s - 7 + 4, t*m = -3*s + 57. What is the greatest common divisor of m and 192?
16
Suppose a + 198 = -5*a. Let d = 37 + a. Suppose -4*o + d*z = o - 695, 3*z - 730 = -5*o. Calculate the highest common divisor of 13 and o.
13
Suppose -14*i - 812*i - 47199 = -500673. What is the greatest common divisor of i and 3477?
183
Let x(h) = -34*h**3 - 4*h - 1. Let l be x(-2). Let s = -1480 + 1511. What is the highest common divisor of l and s?
31
Let o(r) = -41*r**3 - 13*r**2 - 4*r + 10. Let g be o(-5). Calculate the highest common factor of 15 and g.
15
Suppose 4249*o - 307 = 4236*o + 1552. Let c = -6 - -6. Let i be 14 - 1/(c - -1). Calculate the greatest common factor of o and i.
13
Let h be (-27)/12*(-4)/(-3). Let r be (-7 - h - -24) + -7. Calculate the greatest common factor of r and 104.
13
Suppose -5*b + w = -610, 0 = 82*b - 79*b - 5*w - 388. What is the highest common factor of 1606 and b?
11
Let y be 244/18 - 32/(-72). Suppose -y*q - 9240 = -54*q. Calculate the highest common factor of q and 42.
21
Suppose -q + 3 = -s, 4*s = -6*q + 4*q. Let r(l) = -10*l - l + 22*l - l**q + 21. Let g be r(12). Calculate the highest common factor of 27 and g.
9
Let p = -287 - -289. Suppose p*u = -3*h + 44, h - 6*h = -4*u - 44. Calculate the greatest common factor of h and 564.
12
Let j(k) = 14*k**2 - 267*k + 20. Let d be j(20). Suppose -p + 5*a + 25 = 0, -4*p + 151 = 2*a - 5*a. Calculate the greatest common factor of d and p.
40
Let a = -10390 - -10404. Calculate the greatest common factor of a and 7322.
14
Let t be 377/4*((-2706)/(-26) - 94/1222). What is the greatest common divisor of 1352 and t?
338
Suppose -3*p + 54*b - 49*b = -205, -165 = -3*p - 3*b. Calculate the greatest common divisor of 972 and p.
12
Suppose -104011 = -4*c + 3*o + 19937, 4*c - 123940 = 5*o. What is the greatest common factor of c and 6?
6
Let j(g) = -g**3 - 10*g**2 + 12*g + 36. Let l be j(-11). Let v(t) = t**3 - 24*t**2 - 27*t + 74. Let w be v(l). Calculate the highest common factor of w and 32.
8
Let p(c) = 2*c**2 + 14*c + 4. Let a be p(-10). Let q = a + -65. Let f be (q + -1 + 1 + -7)/(-2). Calculate the highest common factor of f and 2.
2
Let z = 1301 - 1253. Calculate the highest common factor of z and 5232.
48
Let u be (8/(-7))/((-72)/(-252)). Let w(r) = -2*r**3 - 5*r**2 + 3*r. Let l be w(u). What is the greatest common divisor of 12 and l?
12
Let p(w) = 22*w - 1063. Let l be p(50). Suppose -3633 = -3*v - 4*k, 5*v - 3*k + 1453 = 7508. Let r = -804 + v. Calculate the greatest common divisor of r and l.
37
Let y be -2 + 5 - 7/(28/1056). Let n = y - -296. Suppose 1 = b, 2*m = m + 5*b + 9. What is the greatest common divisor of m and n?
7
Suppose -b = -2*h - 483, 0*h = 5*b - 2*h - 2375. Suppose -9*a = 8*a - 731. Calculate the highest common factor of a and b.
43
Suppose -n + 26509 = -5*x + 3765, -5*n + 113867 = -4*x. What is the greatest common divisor of 9 and n?
9
Let m(n) = 3*n + 126. Let l be (0/(-2))/((-1)/(4/8)). Let o be m(l). Suppose o = -2*t + 11*t. Calculate the greatest common factor of t and 7.
7
Let y = -4023 - -4557. Calculate the greatest common divisor of y and 96.
6
Suppose 6*a + 0*a = 1464. Suppose 19*y - 1080 = -a. What is the highest common factor of 88 and y?
44
Suppose 480*b = 389*b + 2184. What is the greatest common factor of b and 2748?
12
Suppose z = -8*z - 54. Let u = -1 - z. Let f = u - -3. Calculate the greatest common divisor of f and 4.
4
Suppose 4*d + 22 = -i, 0 = -2*i - 5*d - 25 - 13. Let w(r) = r**3 + 17*r**2 + 3*r - 6. Let j be w(i). What is the greatest common factor of 30 and j?
30
Suppose 0 = -6*y + 225 + 45. Suppose 3*i + 3*q = 42, -5*i = 2*q - 64 - 0. Let t be -495*2*(-6)/i. Calculate the greatest common divisor of t and y.
45
Let j = 2101 - 1691. Calculate the greatest common factor of 369 and j.
41
Let a(m) = m**2 - 13*m - 11. Let l be a(14). Let s be (-315)/2*(-2)/l. Calculate the highest common factor of s and 45.
15
Let m = 4615 - 4607. Calculate the greatest common factor of m and 4184.
8
Suppose 43*a + 12*a - 627417 = -8*a. What is the highest common divisor of 23 and a?
23
Let w be (10/(-90)*-24)/((-4)/(-6)). Suppose -4*s + 158 = -5*d + 39, -4*s + 164 = w*d. Calculate the highest common divisor of s and 18.
18
Let r(c) = -4*c + 29. Let b(z) = 4*z + 3. Let w be b(-4). Let u be r(w). Let m = u + 12. What is the greatest common factor of m and 62?
31
Suppose -5*o + 2*t = -934, t + 743 = -57*o + 61*o. Calculate the highest common factor of 644 and o.
92
Let r(w) = 8*w**2 - 9*w + 1. Let c be r(3). Suppose -j + 56 + c = 4*x, -2*j - 2*x + 186 = 0. What is the greatest common factor of j and 30?
30
Suppose 1900 = -169*l - 191*l + 5500. Calculate the greatest common divisor of 662 and l.
2
Let b(c) = -2*c**2 - 18*c + 57. Suppose -53*j - 44 = -49*j. Let g be b(j). What is the greatest common divisor of 611 and g?
13
Suppose -3*u - k = -4*k - 156, 0 = 3*u + 2*k - 176. Let l be (-15 - 0)/(1/(63/(-27))). What is the highest common factor of l and u?
7
Let m be 1/3*(-10 - -10). Suppose 51*l - 50*l = -3*q + 68, -5*q = m. Calculate the greatest common factor of 8 and l.
4
Let m = -9539 + 9542. Calculate the greatest common divisor of 179 and m.
1
Suppose -5*y - 640 = -2*c, -2*y - 13 + 1269 = 4*c. What is the greatest common factor of c and 6720?
105
Let b(p) = -p**3 + 6*p**2 + 5*p. Let c = 30 + -34. Let v be b(c). Calculate the highest common factor of v and 56.
28
Let h = -71 - -85. Let m(d) = 8*d - 20. Let t be m(h). What is the greatest common factor of 1196 and t?
92
Suppose -1665*g = -1673*g + 40. Calculate the greatest common factor of 1360 and g.
5
Let k be ((-26)/8 + 1)*-16. Let a(t) = -30*t - 98. Let n be a(-3). Let l be ((-20)/n)/5*(35 - -1). Calculate the highest common divisor of k and l.
18
Let g be 6 + (15/(-5) - 1). Suppose -15 = -6*k + 11*k. Let v be (1 - k)/((-14)/(-6) + -1). What is the greatest common factor of g and v?
1
Let w be (-1584)/(-1386) - (-9624)/7. What is the greatest common divisor of 129 and w?
43
Let k be ((-2)/(-3))/1 - 3562/(-39). Let f = -50 + k. S